 - p + 1, -3*u = -2*p - 12. What is the remainder when u is divided by t?
0
Let d(n) be the second derivative of 7*n**3/3 - 7*n**2/2 + 15*n + 4. What is the remainder when 52 is divided by d(1)?
3
Let p = 3605 + -3565. Calculate the remainder when 998 is divided by p.
38
Let m be (-69)/(-6)*2 + -1. Suppose m = 3*b - 26. Suppose -5*d + 146 + 244 = 0. Calculate the remainder when d is divided by b.
14
Let w = -1396 - -1496. Calculate the remainder when 596 is divided by w.
96
Let l(b) be the first derivative of b**3/3 + 2*b**2 + 25*b + 102. What is the remainder when l(17) is divided by 24?
22
Let w = 28 + -20. Let f(l) = -213*l - 16819. Calculate the remainder when f(-79) is divided by w.
0
Suppose 2*p - 2*w = 4740, 545*p + 5*w = 541*p + 9561. Calculate the remainder when p is divided by 56.
27
Suppose 4*q = -u + 1925, -25*q = -23*q. Calculate the remainder when u is divided by 92.
85
Suppose 0 = 31*f + 153*f - 3680. Calculate the remainder when 71 is divided by f.
11
Suppose 63*o - 65*o + 2*n + 98 = 0, 2*n + 150 = 3*o. Calculate the remainder when 285 is divided by o.
25
Let g be (-56)/(-14) + 2*(-1)/1. Let b be g/(-8)*(-769 - 3). Suppose 5*w - 688 = -b. Calculate the remainder when w is divided by 13.
8
Let l be 2*(-15)/5*-2. Suppose -r - l = -35. Let o = -103 - -147. Calculate the remainder when o is divided by r.
21
Let r(b) = -b**2 - 5*b - 12. Let s be r(-5). Let v be (-2)/6 - 16/s. Let t(n) = 51*n + 3. Calculate the remainder when t(v) is divided by 19.
16
Let f = -17 - -40. Let s = 3 + f. Calculate the remainder when 51 is divided by s.
25
Suppose 6*y - 13 = -1. Suppose -2 = y*b - 16. Suppose 9*p = 40 + 5. Calculate the remainder when b is divided by p.
2
Suppose 3*v - 2*s - 166 = 0, -v - 4*s + 21 = -11. Let t = 60 - 88. Let c = 46 + t. What is the remainder when v is divided by c?
16
Let u be (-96)/768 - (250/(-16))/5. Suppose 3*r - 15 - 60 = 0. Suppose -t + 0*m = 3*m - r, -u*m = 9. Calculate the remainder when t is divided by 12.
10
Let i = 113 - 39. Calculate the remainder when i is divided by ((-138)/(-18))/(2/6) + (-50 - -53).
22
Suppose 279 = 3*a + 5*i, -3*i = 3*a + 77 - 362. Calculate the remainder when 796 is divided by a.
12
Let s = -6 - -10. Suppose 4*i - 65 = -5*t, s*i + 2*t - 31 = 43. Let m(l) = l**3 - 7*l**2 + 34*l - 201. What is the remainder when m(7) is divided by i?
17
Let q = 99 - 96. Suppose -q*u + 0*u + y = -17, -2*u - 3*y = 7. Suppose -x - 2*h = -61, 0*h - 2*h = u*x - 220. Calculate the remainder when x is divided by 30.
23
Let w(l) = l**2 + 2*l + 10. Let x = 148 - 154. Calculate the remainder when w(-5) is divided by (-736)/(-69) - 2/x.
3
Let j be (-9)/((-54)/(-12))*430/(-4). Let s = -120 + j. Calculate the remainder when s is divided by 48.
47
Let l = -30913 + 32672. What is the remainder when 5285 is divided by l?
8
Let t = 7389 + -6967. What is the remainder when t is divided by 202?
18
Suppose -8*h + 1446 = 4*n - 22*h, 5*n = -5*h + 2010. Calculate the remainder when n is divided by 142.
109
Suppose 95*v + 4*v - 543 - 150 = 0. Suppose -260 = -5*k - 30. Calculate the remainder when k is divided by v.
4
Let s(u) = u**3 - 4*u**2 - u + 3. Let y be s(4). Suppose -a + d = -0*d - 17, 63 = 4*a - 5*d. What is the remainder when 12*(68/16 - y) is divided by a?
19
Let v = -7739 + 8254. What is the remainder when v is divided by 66?
53
Let d = 10747 - 10257. Calculate the remainder when d is divided by 21.
7
Suppose -5 = -5*d + t + 11, 28 = 4*d + 3*t. Suppose 4*l + 4*k = 5*k + 629, -l + d*k + 176 = 0. What is the remainder when l is divided by 29?
11
Let f be (-1496)/(-16) - (-1)/(-2). Let u be (-108)/2*-4*(-6)/36. Let d = u + f. What is the remainder when d is divided by 30?
27
Let q(g) = 61*g**2 - 3*g - 9. Let f be q(-7). Let j = f + -369. Calculate the remainder when 2/11 - j/(-44) is divided by 32.
28
Calculate the remainder when 15323 is divided by (1/2)/(2/388).
94
Let y = -10064 - -10284. Calculate the remainder when y is divided by 117.
103
Let v(p) = -87*p + 2800. Calculate the remainder when v(32) is divided by 4.
0
Let k = -275 - -450. Calculate the remainder when 539 is divided by k.
14
Suppose -4*o + 1073 = -387. Let i = -93306 - -93314. What is the remainder when o is divided by i?
5
Let q = 437 + -435. Suppose 0 = 4*d - 3*a + 22, -d + 3*a - a = 8. Calculate the remainder when q is divided by -2*d/8*1.
0
Suppose 4*v - d = 3*v + 20, 0 = -d - 3. What is the remainder when 3909 is divided by v?
16
What is the remainder when 2992/(-119) + 25 + 54918/21 is divided by 868?
11
Let l(c) = 23*c + 1735. Calculate the remainder when l(-64) is divided by 14.
11
Suppose 0 = 4*h - 12, 4*n + h - 77 = 6*h. Calculate the remainder when 32 is divided by n.
9
Suppose -3*a + 24 = 3*i, -153607*i = -3*a - 153603*i + 66. Suppose 3*m - 16 = -2*w + 23, 3*m = 3*w - 51. What is the remainder when w is divided by a?
4
Let j = 29 + -27. Suppose -i = 2*i + s - 244, -j*i + 3*s = -170. Suppose 0 = -y - z + 15, -y = y - 3*z - 15. Calculate the remainder when i is divided by y.
10
Let a be 54/(1 - 7) - -1572. Suppose -19*k = -22*k + 3*l + 1176, 0 = 4*k - 3*l - a. Calculate the remainder when k is divided by 15.
12
Let c be 10 + -6 - 3 - -439. Let r = -435 + c. Let p = -5 + 11. Calculate the remainder when p is divided by r.
1
Suppose -i = -5*o + 7 + 2, 5*i + 4*o = -16. Let u be i*(-16)/4 - 0. Suppose t + 5 = u. Calculate the remainder when 32 is divided by t.
10
Let x = 6126 - 6065. Calculate the remainder when x is divided by 46.
15
What is the remainder when (4 - 75145/10)*(-10)/45 is divided by 76?
73
Let y(u) = -u**2 + 14*u - 25. Let b be y(10). Let s = 12 - -8. Calculate the remainder when (((-208)/(-20))/(2/b))/1 is divided by s.
18
Suppose -4*m = -m - 81. Suppose 4*p - l - m = -10, p + 2 = -l. Suppose 0 = -p*s + 2*k + 41, -k + 64 - 13 = 4*s. Calculate the remainder when s is divided by 4.
1
Let x(t) = -11*t + 236. Let h be 10 + -8 - (-2 + -15). What is the remainder when 123 is divided by x(h)?
15
Let y = 10777 + -9898. Calculate the remainder when y is divided by 128.
111
Suppose 26*b - 48 = 10*b. Suppose b*i - 57 = -6*p + 2*p, 2*p + i - 27 = 0. What is the remainder when 22 is divided by p?
10
Suppose 2*y + 2*y - 48 = -5*s, 0 = 2*s - 8. Suppose -1968 = -4*d + 9*i - y*i, 8 = 2*i. Calculate the remainder when d is divided by 11.
10
Suppose -46*t + 881 + 637 = 0. Calculate the remainder when 682 is divided by t.
22
Let l(t) = t**2 + 7*t + 17. Let u be (672/784)/(2/(-14)). Let k = -37 - -52. What is the remainder when k is divided by l(u)?
4
Let x be 147/(-14) + (-1)/(-2). Let w(k) be the first derivative of k**4/4 + 3*k**3 - 11*k**2/2 + 4*k + 15. What is the remainder when 38 is divided by w(x)?
10
Let m be (0 + 3)*(-6)/3. Let y(i) be the first derivative of -i**4/4 - 7*i**3/3 - 4*i**2 + 5*i - 31. Calculate the remainder when 30 is divided by y(m).
13
Suppose 19*o = 9*o + 3520. Let t = 501 - o. Suppose 0*c + 60 = 2*c. What is the remainder when t is divided by c?
29
Calculate the remainder when 336 is divided by 2/(-6)*(-28 - -25)*142.
52
Suppose -16*f = -27*f + 22022. Calculate the remainder when 341/7 - (-4)/14 is divided by 1/(-9) - f/(-198).
9
Let u be 192/104 - 2/(-13). Let o(h) = -u*h + h + 2*h - 10 + 4. Calculate the remainder when o(9) is divided by 3.
0
Suppose -166 = 2*j - 1180. What is the remainder when j is divided by 102?
99
Suppose 4*l - 7*l = -18, -u + 4*l + 11 = 0. Calculate the remainder when 179 is divided by u.
4
Suppose 0 = 3*n + 37*n - 240. Let o(r) = 10*r**2 + 96*r - 11. What is the remainder when o(n) is divided by 29?
26
Let h = -5789 + 5928. Suppose 2*j + 2*n - 18 = 60, 4*n = -j + 24. Calculate the remainder when h is divided by j.
7
Suppose -383*n + 44286 = -322*n. What is the remainder when n is divided by 179?
10
Let u = -1930 - -1995. Calculate the remainder when 117 is divided by u.
52
Suppose 118*m = 133*m - 1695. What is the remainder when m is divided by 63?
50
Suppose 14*m - 5*v = 18*m - 45, 2*v = 4*m - 66. Suppose -5*f = -m*f + 100. Let q = -86 - -130. What is the remainder when q is divided by f?
4
Suppose 19*t + 69*t - 28*t - 16380 = 0. Calculate the remainder when t is divided by 65.
13
Let f(s) = s**3 - 4*s**2 - 8*s - 5. Let o be f(6). Let n(g) = -15 + 10 - 13 - 19 - o*g. Calculate the remainde